r when x is divided by 45.
44
Suppose 0 = -9*o - 10*o - 6574. Let b = -176 - o. What is the remainder when b is divided by 19?
18
Let p = 269 - 265. Let j(s) = 4*s**2 + 15*s. Calculate the remainder when j(p) is divided by 42.
40
Let l(t) = 22*t**2 + 352*t + 1449. Let w = 60 + -33. What is the remainder when l(-5) is divided by w?
23
Let f = 20 + -18. Suppose f*b - 5*i - 76 = 0, -2*b + 4*i = -3*b + 25. Calculate the remainder when 42 is divided by b.
9
Let y = 58699 - 58576. Suppose d + 24 = t, 5*t = -5*d - 0*d + 130. Calculate the remainder when y is divided by t.
23
Suppose -242*d + 4617 - 19 = 0. Calculate the remainder when 740 is divided by d.
18
Suppose 184*x + 11*x - 19467 = 6*x. Calculate the remainder when x is divided by 89.
14
Let i(l) = 123*l**2 - l - 1. Let x be 101 + 8 - (16/(-4) + -1). Suppose -3*s + 24 - x = -5*n, -3*n + 54 = -s. What is the remainder when i(-1) is divided by n?
15
Let o(u) = -9*u - 4. Let s be o(-2). Let m = s + -12. Suppose 5*r = -m*g + 394, -r + 70 = -0*r - 4*g. What is the remainder when r is divided by 27?
24
Let w(i) = -33*i. Let n be w(-5). What is the remainder when ((-6)/(-15))/(3/n) is divided by 12?
10
Calculate the remainder when 1 + 1 + 2 + (-1 - -259) is divided by 235.
27
What is the remainder when 86 is divided by 1/(-5)*(-5)/2*(-5452)/(-94)?
28
Suppose 0 = -7*g - 13*g + 440. Suppose 7*i - g*i + 1305 = 0. Calculate the remainder when i is divided by 23.
18
Let j = 77 + -76. Let o(w) = -111*w - 4 - 2 - j + 9*w**2 + 106*w. Calculate the remainder when o(-2) is divided by 10.
9
Let r be -39 - (-21)/3 - -7. Let n(g) = g**3 + 24*g**2 - 26*g + 2. Calculate the remainder when 160 is divided by n(r).
25
Let w = 4 + 23. Let g = -9 + w. Suppose 14*k - 1212 = 6. What is the remainder when k is divided by g?
15
Let n(f) = f**3 - f**2 - 2*f - 12. Let v be n(0). Calculate the remainder when (-369)/v - (-7)/28 is divided by 10.
1
Suppose 0 = -4*q + 5*t + 137 + 502, 4*q - 4*t - 644 = 0. What is the remainder when 329 is divided by q?
163
Suppose -6020 = -17*x - 1056. Let k = x + -243. What is the remainder when k is divided by 7?
0
Let q be (3 + 0)/((-18)/(-96)). Calculate the remainder when (-2 - 16*1)/(-1) is divided by -1*2/q + (-623)/(-56).
7
Let x be 480/9 + (-55)/(-33). What is the remainder when 62 is divided by (44/x*4)/((-2)/(-10))?
14
Let s(m) = -2*m**3 - 15*m**2 + 19*m + 6. Let z be s(-9). Suppose 130 + z = -4*a. Let t = 67 + a. What is the remainder when 69 is divided by t?
9
Let u be 2/5*(-25370)/(-43). Let c = u + -207. Calculate the remainder when c is divided by 15.
14
Let h(c) = 123*c - 1309. What is the remainder when 516 is divided by h(11)?
32
Let h(g) = 88*g - 3746. Calculate the remainder when h(44) is divided by 53.
20
Suppose 7*f - 9*f = -42. Suppose 25*l - 88 = f*l. Suppose -155 = l*j - 27*j. Calculate the remainder when j is divided by 16.
15
Let x(m) = -2*m**2 - 23*m - 19. Let c = -87 - -78. Let f(t) = -t + 3. Calculate the remainder when x(c) is divided by f(-13).
10
Let j = 614 + -349. Suppose -j = -5*u - 5*n, 3*n + n - 263 = -5*u. What is the remainder when u is divided by 4?
3
Suppose r = -4*c + 401, -2*c + 3*r = -5*c + 303. Calculate the remainder when 724 is divided by (c/150)/(2/99).
31
Suppose 5*x - 42 = -2*u, -3*u + 5*u + 2*x = 30. Suppose u*p - 14*p + 54 = 0. What is the remainder when p is divided by 9?
0
Let c = 695 - 261. Let m = c + -415. Calculate the remainder when 529 is divided by m.
16
Suppose -7*z + 256 = 5*z - 8*z. Calculate the remainder when 272 is divided by z.
16
Calculate the remainder when 19/133 - 10/21 - 63957/(-9) is divided by 158.
154
Suppose t = 3*y - 39624, -5*y - 2*t = 23915 - 89922. What is the remainder when y is divided by 281?
279
Let v = 275 - 156. Let x = -310 + 449. Let n = -124 + x. What is the remainder when v is divided by n?
14
Suppose b = 2*p + 24, 14*p = 4*b + 10*p - 80. What is the remainder when 1150 is divided by b?
14
Let b = 5858 + -1272. Calculate the remainder when b is divided by 31.
29
Let u = -22 + 45. Let p be 178/(-26) - -5 - (-8)/(-52). Calculate the remainder when u is divided by (-9 + 10)/(p/(-38)).
4
Let c = 10854 + -10798. What is the remainder when 347 is divided by c?
11
Suppose -4*n + 2*t - 868 = -6*n, 0 = 5*t + 5. Suppose 4*j - n = -j. What is the remainder when j is divided by 7 + -5 - (1 + -29)?
27
Suppose -4*f = -2*b + 178, 5*b + 166 = -2*f - f. Let l be ((-1716)/165)/(0 - (-1)/5) - -2. Let u = f - l. What is the remainder when u is divided by 1?
0
Suppose -5*u + 28 = -2*n + n, 3*u = -4*n + 3. What is the remainder when (-64)/u*-20*(-3)/(-8) is divided by 14?
12
What is the remainder when 818 is divided by (-1)/(-3) - (2332/12)/(-11)?
8
Let w be 0*(-4 + -3)/(-21). Suppose 2*r - 4*q = w, 0 = 7*r - 3*r - 5*q - 6. What is the remainder when 80 is divided by r?
0
Let v(u) = 4*u**2 + 330*u - 64. What is the remainder when v(-83) is divided by 4?
2
Suppose 5329*j - 5320*j = 585. Calculate the remainder when 387 is divided by j.
62
Suppose 3*s - 3*j = 111, 4*s + 5*j + 9 = 121. Let n(h) = -3*h**3 + 2*h**2 + 135*h + 583. What is the remainder when n(-6) is divided by s?
31
Suppose -k + 10 = -2*v - 6*k, -6 = -5*v + 3*k. Suppose -g - 4*t + 48 = 3*g, v = 2*g - t - 39. Suppose g = u - 2. Calculate the remainder when u is divided by 6.
1
Suppose w + 4*w + 5*l - 355 = 0, -w + 2*l + 59 = 0. Let n(m) = 8*m**2 - 12*m - 10. Let z be n(-1). Calculate the remainder when w is divided by -5*(-42)/9*6/z.
11
Suppose 3*k - k + 2*y = -216, 3*y = -4*k - 435. Let r = -59 - k. Calculate the remainder when r is divided by 38.
14
Suppose -5*u = j - 201, 52 = 3*u + 61. Let c(o) = -9*o - 23. What is the remainder when j is divided by c(-9)?
42
Let k(p) = p + 2. Let q(g) be the second derivative of -g**5/20 - 5*g**4/12 - 3*g**3/2 - 4*g**2 + 10*g. What is the remainder when q(-5) is divided by k(8)?
7
Suppose 11*i = 10*i - 173. Let m = i + 216. What is the remainder when m is divided by 9?
7
Let c be (12/10)/((-172)/(-40) + -4). What is the remainder when -1*c + (28 - (-2 + -3)) is divided by 11?
7
Calculate the remainder when ((-74646)/968 - 16/(-44))/((-1)/8) is divided by 17.
2
Suppose -4*z + 7 = -3*j - 77, 5*z = 4*j + 104. What is the remainder when 323 is divided by z?
11
Let g(k) = -k + 56. Let w be g(0). What is the remainder when 14/w*124/(4 + -3) is divided by 8?
7
Let u = -6 - -15. Let n be 6/18 - (-456)/u. Suppose y - 59 = n. What is the remainder when y is divided by 28?
26
Let m(o) = -467*o - 34181. Suppose r - 63 = -v, -3*r - 2*r - 3*v + 317 = 0. What is the remainder when m(-74) is divided by r?
57
Let x(u) = -3*u - 8. Suppose 0 = t - 5*t - 2*n + 10, -4*n = 2*t + 4. What is the remainder when x(-6) is divided by t?
2
Suppose 33*r + 123*r - 8127 = 765. Calculate the remainder when 3700 is divided by r.
52
Let p = -9965 + 10032. Calculate the remainder when 187 is divided by p.
53
Suppose 40 + 20 = 2*h. Suppose -5*f - 4*i = 11 + 22, -2*f - h = -4*i. Calculate the remainder when 10 is divided by (-1)/f - 130/(-45).
1
Let k = -149 + 174. Suppose k*s - 744 = 13*s. Calculate the remainder when s is divided by 13.
10
Let t(a) = -a**2 + 21*a - 52. Let s be t(7). Suppose r + s = 61. What is the remainder when 38 is divided by r?
8
Let f(h) = 91*h**2 - 3*h - 8. Let k be f(3). Suppose 277 - k = -15*s. What is the remainder when 66 is divided by s?
31
Let m(u) = -u + 124. Suppose -47 = -3*z + 4*a + 5, 4*z - 11 = -3*a. What is the remainder when m(0) is divided by z?
4
Let z = 305 + 15. Suppose -54*j + z = -598. Calculate the remainder when 110 is divided by j.
8
Suppose 0 = f - 6*f - 5*n + 160, -2*f - n + 67 = 0. What is the remainder when 101 is divided by ((-64)/28 + 4)*f/2?
11
Let o(t) = -t**2 + 20*t + 10. Let x = -18 - -32. Let f(n) = -2*n**3 + n**2 - 3*n - 2. What is the remainder when o(x) is divided by f(-2)?
22
Let a = 5542 + -5200. What is the remainder when a is divided by 114?
0
Let u(l) = l**3 + 29*l**2 - 59*l - 8. What is the remainder when u(-18) is divided by 84?
82
Let w(j) = 146*j + 1513. What is the remainder when 792 is divided by w(-10)?
50
Let i be ((-11)/44 - 0) + 3710/(-8). Let g = i - -477. Calculate the remainder when 296 is divided by g.
10
Let a = -722 + 724. What is the remainder when 638 is divided by a?
0
Let u(